 by a.
77
Let k(i) = 19*i**2 - 414*i + 836. Calculate the remainder when k(2) is divided by 66.
18
Let w be 1/((-2)/(-5) + (-10702)/26750). Calculate the remainder when 148 is divided by (-4)/26 + w/(-325).
25
Let r(v) = 3*v**2 + 4*v. Let w(i) = i**3 - 7*i**2 - 20*i + 22. Let c be w(9). What is the remainder when r(c) is divided by 3?
1
Let n be 2/(2 + -3) + (-36)/18. What is the remainder when 6/n*550/(-15)*1 is divided by 15?
10
Let x be (-60)/(-6) - 5/((-15)/6). Let h be (-8 + 47)*(-2)/(-6). Suppose x*p = h*p - 18. What is the remainder when p is divided by 10?
8
Suppose 7*i - 9*i - 136 = 0. Calculate the remainder when 0*(-1 + 2/4) - i is divided by 37.
31
Suppose -4*x - 3*n + 146 = 0, -32 = x + 4*n - 75. What is the remainder when 244 is divided by x?
34
Let t = -7734 - -7785. Calculate the remainder when t is divided by 40.
11
Let q(v) = v**3 - 13*v**2 + 7*v - 10. Suppose -165*t = -181*t + 5152. Calculate the remainder when t is divided by q(13).
79
Suppose 2*c + 3*o = c - 17, 0 = -4*o - 16. Calculate the remainder when c/(115/(-5311)) + 2/23 is divided by 9.
6
Suppose 10*p - 8*p = -5*j - 15, -2*j + 2 = 0. Calculate the remainder when 78 is divided by (-5)/p*((0 - -14) + 2).
6
Let g be 10/15 - 4/(-3). Suppose 3*o = 5*j + 199, g*o + 0*j - j = 142. Calculate the remainder when o is divided by (-2)/(-8)*-11*-4.
7
Suppose 577*v - 15680 = -585*v + 1142*v. Calculate the remainder when v is divided by 54.
28
Suppose 5*q - 156 = -3*a, 5*q - 158 = -6*a + 2*a. Let m(w) = -7*w**3 + 149*w**2 - 154*w + 2374. What is the remainder when q is divided by m(21)?
8
Let b be (-2160)/136 + 2/(-17). What is the remainder when b/(-8) - (-6 - 1) is divided by 5?
4
Suppose -4*z + 25*j - 30*j + 4526 = 0, 4*j = -5*z + 5653. Suppose -3*k + 141 = 4*a, -5*k - 73 = -2*a - 6*k. What is the remainder when z is divided by a?
37
Suppose 35*o + 42446 = 229136. Calculate the remainder when o is divided by 29.
27
Suppose 0 = -5*a - 3*q + 617, -5 = 984*q - 979*q. What is the remainder when 1742 is divided by a?
6
Let f(m) = m**2 + 4*m - 5. Let c be f(-5). Suppose -2*o = g - o - 10, 4*o - 12 = c. Suppose 0 = -2*v + g + 9. What is the remainder when 15 is divided by v?
7
Suppose -14*z - 146 = 64. What is the remainder when 25 is divided by ((-65)/z)/(4/12)?
12
Let f be -1 + 5 + 1*(-8 - -3). Calculate the remainder when 42 is divided by (f/(-5))/(-2*3/(-330)).
9
Suppose -8*b + 24 = -8. Let c = 0 + b. Suppose 0 = 4*t - 6*h + c*h - 42, -85 = -5*t - 4*h. Calculate the remainder when 50 is divided by t.
11
Let a be 1*-6*(-3)/6. Suppose 0 = q - 4*q - 2*f + 241, -15 = -a*f. Calculate the remainder when 152 is divided by q.
75
Suppose 4*j - 115*l - 356 = -119*l, 268 = 3*j + 4*l. What is the remainder when j is divided by 31?
26
Suppose -5*k + 8 = -12. Suppose -5*w - k = -14. What is the remainder when 2*((-18)/12 + 5) is divided by w?
1
Let d = -2153 + 2161. Calculate the remainder when 636 is divided by d.
4
Suppose 15*y - 1552 - 208 = 5*y. Calculate the remainder when 888 is divided by y.
8
Suppose 117*t - 132*t = -3150. Suppose -21*f = -672 - t. What is the remainder when f is divided by 15?
12
Suppose -n - 20*l + 278 = -18*l, 4*n - 4*l = 1160. What is the remainder when n is divided by 271?
15
Suppose 2*d = -d - 2*c + 8, -d - 2 = -4*c. Let n(x) = x**3 + 2*x**2 - 2*x + 4. Calculate the remainder when 46 is divided by n(d).
14
Calculate the remainder when (-60)/(-36)*(-21108)/(-20) is divided by 80.
79
Suppose -4*a - 22 - 42 = 0. Let r = a + 31. Calculate the remainder when 2987/2*(-1004)/(-14558) is divided by r.
13
Suppose 2*z - 3*u + 16 = u, -u + 85 = -5*z. Let i = 10 - z. What is the remainder when i is divided by 16?
12
Suppose 4*b - 4*w + 8 = 2*b, -10 = -2*w. Let u = -115 + 190. Calculate the remainder when u is divided by b.
3
Suppose -b - 4*q = -61, b = -3*b + 4*q + 304. What is the remainder when b is divided by 24/2 - 2806/(-46)?
0
Suppose -5*b + 3382 = -g, -7*b - g + 2042 = -4*b. Calculate the remainder when b is divided by 18.
12
Let l(v) = 22*v - 142 + 19*v - 35*v + 26*v. Calculate the remainder when l(7) is divided by ((-3)/2)/((-18)/168).
12
Let f be 1*2 - (2 + 2 - 5). Suppose f*x + 20 - 2 = 0. What is the remainder when ((-3)/1 - x) + 33 is divided by 13?
10
Let x(h) = 6*h**2 + 2*h + 9. Suppose -5*j + 15 = 0, 124*j - 129*j - 77 = -2*n. What is the remainder when n is divided by x(-2)?
17
Suppose 3*c - 38 = -2*k, -k - 2*k = -c - 46. Let w be (-2 + 0 - 0)/((-76)/(-1634)). Let z = 4 - w. Calculate the remainder when z is divided by k.
15
Suppose -5*j + 5*s + 640 = 0, 399*j - 400*j + 156 = 3*s. Calculate the remainder when 560 is divided by j.
20
Let a(l) = l**3 + 61*l**2 - 187*l + 372. What is the remainder when 109 is divided by a(-64)?
5
Let j(m) = 10*m**2 + 380*m - 3858. Calculate the remainder when j(10) is divided by 23.
22
Let b be 6408/84 - (-2)/(-7). Let c = b - 0. Suppose 5*p - 5*g = 195, -5*p - 5*g + c + 79 = 0. What is the remainder when p is divided by 19?
16
Let k(h) be the third derivative of -h**6/15 - h**5/60 - 12*h**2. Let s be k(-1). Calculate the remainder when 10 is divided by (s/(-7))/((-1)/(-12)*-2).
4
Let v be (2 - (0 + -3)) + 9 + -7. Suppose 4*z + 67 = 5*l, 2*l - v*z = -10*z + 36. Calculate the remainder when 35 is divided by l.
5
Suppose 0 = 19*b - 22*b + 15, 0 = -3*c + 4*b + 241. Suppose -z + 3*m = -33, -5*z - 3*m - m + 165 = 0. Calculate the remainder when c is divided by z.
21
Let a(w) = -14*w + 182. What is the remainder when a(6) is divided by 44?
10
Let o = 522 - 464. Suppose 0 = -r + 96 - o. Calculate the remainder when r is divided by 15.
8
Let p(a) = a**3 + 11*a**2 + 36. Let z(f) = -39*f - 230. Calculate the remainder when p(-10) is divided by z(-7).
7
Suppose 3*j + 364 = -689. Let o = -143 - j. Calculate the remainder when o is divided by 30.
28
Let l = -10182 + 10370. Calculate the remainder when l is divided by 60.
8
Suppose -18*h = -17*h - 1168. Calculate the remainder when 84 is divided by h/64 - ((-26)/(-8) - 2).
16
Let z = -2668 + 2757. What is the remainder when 92 is divided by z?
3
Suppose 0*w - 36 = -9*w. Suppose r + 20 = 5*r. Suppose g - r = w. What is the remainder when g is divided by 5?
4
Suppose 21*z + 0*z - 4*z = 22661. Calculate the remainder when z is divided by 168.
157
Suppose -1339 + 21326 = 79*b. Calculate the remainder when b is divided by 58.
21
Suppose 4*c - 135 + 353 = 2*o, 3*o = -2*c + 311. Let y = o - 97. Let l(t) = 6*t**2 - 2*t + 2. What is the remainder when l(-3) is divided by y?
6
Suppose -8*g - 20*g - 6193 = -25653. What is the remainder when 1398 is divided by g?
8
Suppose -227 = 21*r - 1382. Let c = 97 - r. What is the remainder when 124 is divided by c?
40
Suppose 5*u = -5, x + 2*u = 6*x - 102. Let d = 4 - -13. Suppose -17*k + 16*k = -d. What is the remainder when x is divided by k?
3
Let x = -2894 - -2916. Calculate the remainder when 504 is divided by x.
20
Suppose 0 = -4*z + 2*y + 28, -4*y = y + 20. Let j = 40 + z. Calculate the remainder when 132 is divided by j.
42
Let m(w) = w**3 - 23*w**2 + 85*w + 109. Calculate the remainder when ((-374)/6)/((-2)/6) is divided by m(18).
16
Let u = -99 + 109. Let s = -497 - -502. What is the remainder when u is divided by s?
0
Let s(n) = 5*n**2 - 375*n - 3076. Calculate the remainder when s(-8) is divided by 115.
14
Let u = -405 - -421. Let h = 21 - 20. Calculate the remainder when (76 + h)*(-1 - -2) is divided by u.
13
Let t = -303 + 652. What is the remainder when t is divided by 20?
9
Suppose 0 = -120*k - 66*k - 66*k + 4304664. What is the remainder when k is divided by 17?
14
Let t(b) = b**3 + 5*b**2 + 4*b + 2. Let l be t(-2). Let x(j) = l*j**2 + j**3 + 13 - 300*j + 300*j. What is the remainder when x(-6) is divided by 6?
1
Suppose -4*h = -8*h + q + 29, -5*q = -2*h + 1. What is the remainder when 43 is divided by h?
3
Let b be -5 + ((-118)/(-3))/((-6)/(-9)). Suppose -48*t - 1884 = -b*t. What is the remainder when t is divided by 35?
34
Let r(x) = -2*x - 41. Let t be r(-10). Calculate the remainder when 29 is divided by (-196)/t - (-1 + (-1)/(-3)).
9
Let a be -2*(-3)/6 - 0. Suppose 4*w - 33 = -3*z, 87*z - 3 = 86*z - 4*w. What is the remainder when 2 - (-2 - 51*a) is divided by z?
10
Let m(k) = 2*k**3 - 5*k**2 + 123*k - 820. What is the remainder when m(